te the remainder when 7152 is divided by 135.
132
Calculate the remainder when 611 is divided by 103.
96
What is the remainder when 1640 is divided by 342?
272
What is the remainder when 504 is divided by 402?
102
What is the remainder when 446 is divided by 16?
14
Calculate the remainder when 83967 is divided by 82.
81
What is the remainder when 1195 is divided by 240?
235
What is the remainder when 630 is divided by 51?
18
Calculate the remainder when 5332 is divided by 42.
40
Calculate the remainder when 50 is divided by 1.
0
What is the remainder when 422 is divided by 126?
44
Calculate the remainder when 2722 is divided by 12.
10
What is the remainder when 172 is divided by 36?
28
Calculate the remainder when 182 is divided by 47.
41
What is the remainder when 77 is divided by 27?
23
What is the remainder when 196 is divided by 10?
6
What is the remainder when 10 is divided by 2?
0
What is the remainder when 4707 is divided by 13?
1
Calculate the remainder when 634 is divided by 279.
76
Calculate the remainder when 53 is divided by 6.
5
Calculate the remainder when 854 is divided by 57.
56
What is the remainder when 818 is divided by 63?
62
Calculate the remainder when 498 is divided by 27.
12
What is the remainder when 790 is divided by 196?
6
What is the remainder when 177 is divided by 18?
15
Calculate the remainder when 122 is divided by 42.
38
Calculate the remainder when 204 is divided by 13.
9
Calculate the remainder when 66 is divided by 28.
10
What is the remainder when 238 is divided by 71?
25
What is the remainder when 300 is divided by 38?
34
What is the remainder when 1001 is divided by 19?
13
What is the remainder when 128 is divided by 128?
0
Calculate the remainder when 2787 is divided by 11.
4
Calculate the remainder when 33 is divided by 10.
3
Calculate the remainder when 405 is divided by 82.
77
What is the remainder when 1484 is divided by 219?
170
Calculate the remainder when 5806 is divided by 37.
34
Calculate the remainder when 268 is divided by 128.
12
What is the remainder when 311 is divided by 6?
5
Calculate the remainder when 96 is divided by 55.
41
What is the remainder when 202 is divided by 11?
4
Calculate the remainder when 572 is divided by 12.
8
What is the remainder when 171 is divided by 6?
3
Calculate the remainder when 364 is divided by 74.
68
What is the remainder when 144 is divided by 49?
46
Calculate the remainder when 173 is divided by 5.
3
What is the remainder when 8941 is divided by 104?
101
What is the remainder when 1064 is divided by 13?
11
What is the remainder when 3465 is divided by 139?
129
What is the remainder when 471 is divided by 14?
9
What is the remainder when 214 is divided by 55?
49
What is the remainder when 4460 is divided by 14?
8
Calculate the remainder when 4029 is divided by 1342.
3
Calculate the remainder when 49 is divided by 37.
12
What is the remainder when 228 is divided by 59?
51
Calculate the remainder when 501 is divided by 28.
25
Calculate the remainder when 1271 is divided by 21.
11
What is the remainder when 200 is divided by 65?
5
Calculate the remainder when 79 is divided by 14.
9
Calculate the remainder when 27741 is divided by 289.
286
Calculate the remainder when 63 is divided by 35.
28
Calculate the remainder when 1337 is divided by 112.
105
Calculate the remainder when 100 is divided by 68.
32
What is the remainder when 187 is divided by 55?
22
What is the remainder when 5826 is divided by 29?
26
What is the remainder when 553 is divided by 94?
83
Calculate the remainder when 849 is divided by 837.
12
Calculate the remainder when 3719 is divided by 81.
74
What is the remainder when 608 is divided by 17?
13
Calculate the remainder when 852 is divided by 215.
207
What is the remainder when 199 is divided by 6?
1
Calculate the remainder when 56 is divided by 27.
2
Calculate the remainder when 443 is divided by 56.
51
What is the remainder when 34 is divided by 25?
9
What is the remainder when 54 is divided by 50?
4
Calculate the remainder when 23894 is divided by 295.
294
What is the remainder when 1191 is divided by 421?
349
Calculate the remainder when 771 is divided by 31.
27
Calculate the remainder when 859 is divided by 75.
34
What is the remainder when 585 is divided by 10?
5
Calculate the remainder when 681 is divided by 62.
61
Calculate the remainder when 308 is divided by 98.
14
What is the remainder when 8046 is divided by 122?
116
What is the remainder when 77 is divided by 12?
5
Calculate the remainder when 3846 is divided by 14.
10
What is the remainder when 191 is divided by 40?
31
What is the remainder when 2067 is divided by 30?
27
What is the remainder when 1623 is divided by 7?
6
What is the remainder when 4697 is divided by 174?
173
Calculate the remainder when 615 is divided by 297.
21
Calculate the remainder when 73 is divided by 38.
35
What is the remainder when 1858 is divided by 234?
220
Calculate the remainder when 199 is divided by 23.
15
What is the remainder when 425 is divided by 131?
32
What is the remainder when 167 is divided by 67?
33
Calculate the remainder when 318 is divided by 17.
12
Calculate the remainder when 61 is divided by 34.
27
What is the remainder when 185 is divided by 21?
17
Calculate the remainder when 333 is divided by 4.
1
What is the remainder when 1002 is divided by 166?
6
Calculate the remainder when 998 is divided by 40.
38
Calculate the remainder when 103 is divided by 3.
1
What is the remainder when 738 is divided by 24?
18
Calculate the remainder when 17431 is divided by 447.
445
What is the remainder when 1891 is divided by 171?
10
Calculate the remainder when 19043 is divided by 13.
11
What is the remainder when 1181 is divided by 46?
31
Calculate the remainder when 183 is divided by 37.
35
Calculate the remainder when 400 is divided by 135.
130
What is the remainder when 205 is divided by 13?
10
What is the remainder when 1798 is divided by 447?
10
What is the remainder when 4259 is divided by 4?
3
What is the remainder when 795 is divided by 305?
185
What is the remainder when 2209 is divided by 28?
25
Calculate the remainder when 222 is divided by 24.
6
What is the remainder when 461 is divided by 14?
13
What is the remainder when 177 is divided by 74?
29
What is the remainder when 9399 is divided by 3?
0
Calculate the remainder when 78 is divided by 10.
8
What is the remainder when 1112 is divided by 185?
2
Calculate the remainder when 457 is divided by 20.
17
What is the remainder when 129 is divided by 3?
0
What is the remainder when 611 is divided by 75?
11
Calculate the remainder when 95 is divided by 85.
10
What is the remainder when 275 is divided by 66?
11
What is the remainder when 254 is divided by 111?
32
What is the remainder when 2492 is divided by 52?
48
What is the remainder when 202 is divided by 17?
15
What is the remainder when 109 is divided by 14?
11
Calculate the remainder when 118 is divided by 61.
57
Calculate the remainder when 15 is divided by 14.
1
Calculate the remainder when 378 is divided by 3.
0
Calculate the remainder when 350 is divided by 23.
5
What is the remainder when 353 is divided by 40?
33
What is the remainder when 19 is divided by 4?
3
What is the remainder when 402 is divided by 228?
174
What is the remainder when 47 is divided by 18?
11
What is the remainder when 200 is divided by 13?
5
What is the remainder when 4259 is divided by 47?
29
Calculate the remainder when 289 is divided by 140.
9
What is the remainder when 948 is divided by 35?
3
What is the remainder when 505 is divided by 76?
49
Calculate the remainder when 205 is divided by 107.
98
What is the remainder when 14633 is divided by 20?
13
Calculate the remainder when 325 is divided by 121.
83
Calculate the remainder when 1421 is divided by 89.
86
Calculate the remainder when 417 is divided by 10.
7
What is the remainder when 969 is divided by 70?
59
What is the remainder when 2434 is divided by 23?
19
What is the remainder when 3195 is divided by 5?
0
What is the remainder when 746 is divided by 19?
5
What is the remainder when 332 is divided by 16?
12
Calculate the remainder when 4203 is divided by 135.
18
Calculate the remainder when 56 is divided by 17.
5
Calculate the remainder when